.
-19
Let q(t) = t**2 - 10464*t + 187992. Determine q(18).
-36
Let k(w) = 25*w**3 - 8076*w**2 + 308*w + 4854. Determine k(323).
9
Let q(a) = 739*a - 38026. Determine q(53).
1141
Let o(y) = -y**2 + 481*y + 28898. Determine o(535).
8
Let r(p) = 26082*p - 625971. Determine r(24).
-3
Let w(u) = u**3 + 17*u**2 + 25*u + 979. Calculate w(-19).
-218
Let w(i) = -176*i - 30945. Calculate w(-176).
31
Let b(g) = -g**3 + 36*g**2 - 29*g + 1223. Calculate b(36).
179
Let w(o) = 2792*o + 30756. What is w(-11)?
44
Let m(r) = r**3 - 60*r**2 - 388*r + 23239. What is m(60)?
-41
Let k(q) = -1806*q - 406299. Calculate k(-225).
51
Let q(b) = b**3 - 70*b**2 + 1176*b + 1113. What is q(43)?
1758
Let p(y) = 366*y + 222. Calculate p(-2).
-510
Let a(y) = -297*y - 4112. Give a(-13).
-251
Let l(o) = -57*o**2 - 1725*o - 5984. Calculate l(-4).
4
Let l(q) = -4*q**2 - 403*q - 92. Determine l(3).
-1337
Let n(x) = 161*x + 2545. Give n(-16).
-31
Let k(b) = -28*b**3 - 180*b**2 + 145*b + 242. Determine k(-7).
11
Let w(a) = a**2 + 451619*a - 7677830. Determine w(17).
-18
Let d(y) = -2*y**3 - 17*y**2 + 258*y + 1957. Give d(-7).
4
Let z(s) = -4997357*s - 4997362. Give z(-1).
-5
Let w(x) = -33048*x + 826187. What is w(25)?
-13
Let v(b) = -41230*b - 9. Give v(0).
-9
Let o(w) = w**2 - 27*w - 1203. Give o(52).
97
Let i(b) = -b**2 - 38*b + 770. Determine i(15).
-25
Let o(c) = -50*c**2 + 1122*c - 53. What is o(22)?
431
Let l(u) = 4*u**3 + 28*u**2 + 69*u + 115. Give l(-5).
-30
Let r(l) = l**2 - 3773*l - 1018578. Give r(-253).
0
Let s(v) = 14*v + 4085. Calculate s(-302).
-143
Let m(k) = 502109*k - 4016849. Calculate m(8).
23
Let p(q) = -3*q**3 - 16*q**2 + 61*q + 137. Calculate p(7).
-1249
Let q(h) = h**2 + 26261*h - 52521. What is q(2)?
5
Let d(i) = i**3 - 16*i**2 + 611*i - 2792. Determine d(5).
-12
Let u(o) = -79*o - 17346. What is u(-216)?
-282
Let w(q) = -2621*q**2 + 128433*q - 65. What is w(49)?
131
Let a(k) = 15*k**3 - 216*k**2 - 2505*k - 44. Calculate a(22).
22
Let m(z) = -z**3 + 2*z**2 - 403*z - 2074. What is m(-5)?
116
Let a(h) = -92*h - 4772. Determine a(-52).
12
Let s(r) = 4*r**3 - 166*r**2 - 577*r - 2343. What is s(45)?
42
Let f(i) = 6*i**2 - 64*i - 3843. Give f(30).
-363
Let p(g) = 3491*g + 101198. Determine p(-29).
-41
Let z(l) = 28*l**3 + 7840*l**2 + l + 277. Give z(-280).
-3
Let c(j) = -j**2 + 52*j - 352. Calculate c(23).
315
Let q(o) = o**2 - 174*o + 7112. Determine q(98).
-336
Let i(r) = -52855*r + 317109. Determine i(6).
-21
Let z(p) = 4*p**3 - 51*p**2 - 207*p + 2515. What is z(13)?
-7
Let z(i) = -17051*i + 8883537. What is z(521)?
-34
Let l(o) = -1096*o - 43795. Give l(-40).
45
Let u(f) = -f**3 + 887*f**2 - 188302*f - 6329. What is u(352)?
7
Let s(m) = m**3 + 73*m**2 - 210*m - 3873. Determine s(-75).
627
Let t(y) = -360*y + 203766. Determine t(566).
6
Let i(d) = -10208*d - 61158. Give i(-6).
90
Let y(d) = -1434*d - 246497. Give y(-172).
151
Let g(p) = -p**3 + 189*p**2 - 140*p - 5579. Determine g(188).
3445
Let b(y) = -1559*y - 48177. Calculate b(-31).
152
Let h(o) = -269*o + 4504. Calculate h(25).
-2221
Let i(t) = t**3 + 11*t**2 - 763*t - 5391. Calculate i(-7).
146
Let u(g) = -g**3 + 232*g**2 - 2437*g + 70. Determine u(11).
4
Let q(t) = -t**2 + 32*t + 788. Give q(16).
1044
Let n(c) = 3*c**2 - 67*c - 1898. Calculate n(35).
-568
Let d(q) = -547*q - 27687. What is d(-56)?
2945
Let h(q) = -12596*q - 37483. Calculate h(-3).
305
Let f(t) = -1834*t - 5490. What is f(-3)?
12
Let o(u) = -u**2 - 17307*u + 121182. What is o(7)?
-16
Let c(r) = -22*r**2 - 1243*r + 1221. Determine c(1).
-44
Let c(y) = 6*y**3 + 129*y**2 - 2*y + 1418. Determine c(-22).
10
Let h(i) = -609*i**2 - 8275*i + 8276. Give h(1).
-608
Let y(n) = -n**3 + 96*n**2 + 816*n - 69691. Calculate y(97).
52
Let m(v) = 26*v**3 + 338*v**2 + 30*v + 478. Determine m(-13).
88
Let c(j) = 2*j**3 - 211*j**2 + 345*j - 2821. Calculate c(104).
611
Let k(j) = -2*j**3 - 374*j**2 - 17172*j + 17. Calculate k(-106).
17
Let o(u) = u**3 + 55*u**2 + 542*u + 5. Determine o(-42).
173
Let l(c) = -293*c - 2394. What is l(-10)?
536
Let v(l) = l**3 + 8*l**2 + 214*l + 1630. Give v(-8).
-82
Let o(j) = 13818*j + 13800. Determine o(-1).
-18
Let l(o) = 20792*o - 748533. Determine l(36).
-21
Let c(h) = -5*h**3 - 79*h**2 - 384*h - 287. Calculate c(-9).
415
Let m(n) = 14*n**3 + 87*n**2 + 63*n + 308. Calculate m(-6).
38
Let t(u) = -2*u**3 + 638*u**2 + 5911*u - 2290. Calculate t(328).
6
Let z(j) = -10*j**3 - 5*j**2 - 131*j - 800. Give z(-5).
980
Let u(b) = b**2 + 25737*b + 128659. What is u(-5)?
-1
Let i(v) = v**3 - 3*v**2 - 112*v - 141. What is i(-10)?
-321
Let g(z) = -3*z**3 + 589*z**2 - 200*z + 809. Determine g(196).
25
Let l(g) = -499*g + 8026. Give l(15).
541
Let t(j) = -j**3 - 2*j**2 - 124*j - 242. Calculate t(-2).
6
Let s(f) = -9*f**3 + 2533*f**2 - 1119*f - 1331. Calculate s(281).
74
Let j(x) = -17581*x + 773571. What is j(44)?
7
Let h(u) = -4*u**3 + 13*u**2 + 308*u - 1166. Give h(4).
18
Let m(q) = -3312*q - 10019. What is m(-3)?
-83
Let v(q) = -379797*q - 2658584. What is v(-7)?
-5
Let o(v) = 79*v**2 + 781*v - 9. Calculate o(-11).
959
Let y(k) = -23150*k + 9468359. Calculate y(409).
9
Let d(g) = -10*g**3 + 378*g**2 + 41*g + 1335. Give d(38).
5
Let r(v) = v**3 + 135*v**2 - 1008*v - 100547. What is r(-137)?
11
Let k(a) = a**3 + 26*a**2 + 214*a - 1842. Determine k(5).
3
Let j(y) = 3050*y - 323311. What is j(106)?
-11
Let q(w) = -3140*w - 81637. Determine q(-26).
3
Let j(g) = -697306*g + 2789220. What is j(4)?
-4
Let o(s) = 78*s**2 + 1576*s - 1596. Determine o(-22).
1484
Let z(h) = -1187*h - 73565. Give z(-62).
29
Let w(d) = d**3 - 12*d**2 - 479*d + 252. Calculate w(-17).
14
Let n(b) = -15*b**3 - 149*b**2 - 12008*b - 120165. What is n(-10)?
15
Let t(x) = x**2 - 213*x + 2580. Determine t(13).
-20
Let r(q) = 841097*q + 8410967. Give r(-10).
-3
Let y(p) = 4150*p - 8857. What is y(2)?
-557
Let z(y) = y**2 - 70*y - 5709. Determine z(-49).
122
Let r(m) = -m**2 + 2094*m + 161587. Determine r(-74).
1155
Let n(l) = 23*l**2 + 192*l - 2504. Determine n(7).
-33
Let x(o) = -10315*o - 43584. Determine x(-4).
-2324
Let d(o) = 33016*o + 132111. Determine d(-4).
47
Let i(k) = -k**2 + 16*k + 293. Calculate i(-13).
-84
Let j(f) = -977*f - 381989. Calculate j(-391).
18
Let a(l) = -3229*l - 81863. Calculate a(-25).
-1138
Let k(y) = -y**3 - 85*y**2 - 393*y + 711. Determine k(-80).
151
Let z(j) = -15*j**2 - 34*j + 2147. What is z(10)?
307
Let k(f) = -951*f - 4733. Determine k(-5).
22
Let z(m) = m**2 - 361*m + 32515. Calculate z(171).
25
Let f(d) = -52079*d - 364543. Give f(-7).
10
Let w(b) = b**3 + 18*b**2 - 41*b - 399. What is w(5)?
-29
Let z(k) = 8927*k - 571337. Give z(64).
-9
Let n(s) = 171*s**3 + 400*s**2 - 402*s + 3. Determine n(1).
172
Let h(y) = 2587*y - 644159. Calculate h(249).
4
Let v(w) = -w**3 - 11*w**2 - 213*w - 2310. What is v(-11)?
33
Let a(v) = v**3 - 116*v**2 + 446*v - 51795. Calculate a(116).
-59
Let j(z) = 469*z**3 + 49*z**2 + 54*z + 6. Determine j(-1).
-468
Let j(s) = 3*s**2 - 69*s - 974. Determine j(33).
16
Let j(w) = -w**3 - 1066*w**2 - 49835*w - 2038. Determine j(-1017).
-4
Let x(y) = -530*y**3 + 6*y**2 - 6*y - 1. Determine x(1).
-531
Let w(i) = -4*i**2 - 12599*i - 399069. Determine w(-32).
3
Let g(f) = 4104*f + 699. Give g(1).
4803
Let y(u) = 991*u - 41586. What is y(42)?
36
Let u(d) = -9740*d + 2084328. What is u(214)?
-32
Let m(k) = 2*k**3 - 12*k**2 - 1688*k + 5111. What is m(3)?
-7
Let f(p) = p**3 + 71*p**2 + 1753*p + 138603. Calculate f(-73).
-24
Let y(z) = z**3 + 121*z**2 - 1741*z + 179. Give y(-134).
45
Let i(y) = -36*y**2 - 1012*y - 3972. Determine i(-4).
-500
Let w(u) = 169*u + 11814. Give w(-69).
153
Let x(s) = 10074*s**2 + 151115*s + 78. Determine x(-15).
3
Let f(q) = -q**3 - 177*q**2 - 6536*q + 4452. Give f(-124).
-12
Let y(f) = -15877*f + 746223. Give y(47).
4
Let m(v) = v**3 - 84*v**2 + 113*v - 2863. Calculate m(83).
-373
Let t(a) = -15*a**3 - 5*a**2 - 3*a + 25. Give t(4).
-1027
Let t(g) = -21*g**2 + 178*g + 672. Calculate t(-9).
-2631
Let n(l) = -45*l + 40. What is n(-1)?
85
Let x(u) = u**3 - 83*u**2 + 657*u - 623. Give x(8).
-167
Let r(y) = -y**2 + 31*y - 585. What is r(20)?
-365
Let x(c) = -4*c**2 + 1498*c + 47681. Give x(404).
9
Let u(t) = -t**2 - 607*t + 5498. Determine u(9).
-46
Let q(l) = l**3 - 52*l**2 - 22*l + 649. Calculate q(52